f 3 and 175809.
3
What is the highest common divisor of 85215 and 55936?
437
Calculate the highest common divisor of 828 and 32616.
36
Calculate the greatest common divisor of 7 and 2030273.
7
Calculate the highest common factor of 1232 and 244.
4
Calculate the highest common factor of 138 and 17273.
23
Calculate the greatest common factor of 244 and 1419348.
244
Calculate the greatest common divisor of 1552 and 1744.
16
Calculate the greatest common divisor of 99 and 173457.
9
Calculate the greatest common factor of 1246 and 210218.
178
What is the greatest common divisor of 128624 and 512?
16
Calculate the greatest common factor of 5805 and 327105.
135
Calculate the highest common divisor of 126699 and 36267.
471
What is the highest common divisor of 19297 and 299?
23
What is the highest common divisor of 13821 and 1632?
51
Calculate the highest common divisor of 11664 and 453600.
1296
What is the highest common factor of 89364 and 5808?
132
What is the highest common factor of 42992 and 32?
16
What is the highest common divisor of 4650 and 12750?
150
Calculate the greatest common factor of 4510 and 1703550.
410
What is the greatest common factor of 57561 and 4431?
21
Calculate the greatest common divisor of 60 and 50460.
60
What is the highest common divisor of 11964 and 2040?
12
What is the greatest common factor of 400804 and 3492?
388
Calculate the greatest common divisor of 38 and 10849.
19
What is the highest common divisor of 49693 and 916?
229
What is the highest common factor of 30511 and 455?
13
What is the greatest common factor of 1110 and 5580?
30
What is the highest common factor of 282423 and 1692?
141
Calculate the greatest common divisor of 14791 and 1036.
7
Calculate the greatest common divisor of 29478 and 306.
102
Calculate the greatest common divisor of 1741888 and 2176.
1088
What is the highest common factor of 13 and 60619?
13
What is the greatest common divisor of 7119 and 8023?
113
What is the highest common divisor of 11296 and 256?
32
Calculate the highest common factor of 3185 and 2555.
35
What is the greatest common factor of 3 and 3912?
3
Calculate the highest common divisor of 12 and 3076.
4
What is the greatest common factor of 7752 and 2082?
6
Calculate the greatest common divisor of 4332075 and 275.
275
What is the greatest common factor of 1004 and 269825?
251
Calculate the greatest common divisor of 53508 and 420.
84
What is the greatest common factor of 2646 and 1092?
42
What is the greatest common factor of 93959 and 68?
17
What is the greatest common divisor of 9482 and 88?
22
Calculate the greatest common factor of 2810 and 4230.
10
What is the greatest common factor of 53 and 7050484?
53
Calculate the greatest common divisor of 8058 and 33.
3
What is the highest common divisor of 4157556 and 1838?
1838
Calculate the highest common divisor of 857157 and 14.
7
What is the highest common factor of 1264 and 27887?
79
What is the greatest common factor of 1818 and 115746?
606
Calculate the greatest common factor of 1222555 and 20.
5
What is the greatest common factor of 3774 and 30532?
34
What is the greatest common factor of 671247 and 162?
81
What is the highest common divisor of 15228 and 18048?
564
What is the highest common divisor of 32290 and 1310?
10
What is the highest common divisor of 102147 and 1659?
237
What is the greatest common factor of 21048 and 10152?
24
Calculate the highest common divisor of 24350 and 50.
50
What is the highest common factor of 609 and 229796?
203
Calculate the greatest common divisor of 11640 and 5220.
60
Calculate the greatest common divisor of 2212640 and 90.
10
Calculate the highest common divisor of 1981572 and 444.
444
What is the greatest common divisor of 1851904 and 512?
512
What is the greatest common divisor of 199928 and 1072?
536
Calculate the highest common factor of 9249 and 12.
3
Calculate the greatest common divisor of 1387008 and 3784.
344
What is the highest common factor of 609 and 16617?
87
What is the greatest common divisor of 15 and 223791?
3
What is the greatest common divisor of 2403 and 148452?
267
Calculate the greatest common divisor of 301 and 469.
7
What is the highest common factor of 36185 and 20?
5
What is the highest common divisor of 52 and 760916?
52
What is the greatest common factor of 525 and 192675?
525
Calculate the greatest common factor of 55 and 7164355.
55
Calculate the highest common divisor of 574 and 30709.
287
Calculate the greatest common factor of 123 and 14842.
41
What is the highest common divisor of 4600 and 7100?
100
What is the greatest common divisor of 60 and 34845?
15
What is the highest common factor of 91254 and 6?
6
Calculate the greatest common factor of 336 and 542612.
28
Calculate the greatest common divisor of 950378 and 132.
22
What is the highest common factor of 1154812 and 134?
134
Calculate the highest common factor of 1133 and 5533.
11
What is the greatest common divisor of 160929 and 207?
9
What is the highest common factor of 35 and 5021485?
35
Calculate the highest common factor of 7002 and 7578.
18
Calculate the greatest common factor of 70 and 118202.
14
Calculate the highest common factor of 1510 and 4832.
302
Calculate the highest common factor of 375 and 2458500.
375
Calculate the highest common factor of 2679 and 3287.
19
Calculate the highest common divisor of 8107 and 134.
67
Calculate the greatest common divisor of 130115 and 265.
265
Calculate the highest common factor of 43 and 1015961.
43
Calculate the highest common divisor of 12784 and 2726.
94
What is the highest common factor of 54457 and 11505?
767
What is the highest common factor of 364573 and 1012?
253
What is the greatest common factor of 1719485 and 45?
5
What is the highest common factor of 2834 and 84802?
218
Calculate the greatest common divisor of 737 and 2144.
67
Calculate the greatest common divisor of 7128 and 1504.
8
What is the greatest common divisor of 732056 and 208?
104
What is the highest common divisor of 41965 and 140?
35
What is the highest common divisor of 293908 and 4?
4
Calculate the highest common divisor of 124182 and 324.
18
Calculate the highest common divisor of 3 and 877.
1
What is the greatest common divisor of 36 and 33330?
6
What is the greatest common divisor of 314910 and 90?
90
What is the greatest common divisor of 104 and 6526?
26
What is the greatest common divisor of 444 and 276732?
12
What is the highest common factor of 1056 and 80928?
96
Calculate the greatest common divisor of 1356 and 239334.
678
What is the greatest common factor of 1612 and 208?
52
Calculate the highest common factor of 504 and 19236.
84
What is the highest common factor of 304 and 576704?
16
Calculate the greatest common divisor of 585 and 377.
13
Calculate the highest common divisor of 32897 and 1139.
67
What is the greatest common factor of 2678 and 51500?
206
Calculate the highest common factor of 578 and 18601196.
578
What is the highest common divisor of 7952 and 4648?
56
Calculate the highest common divisor of 187140 and 3660.
60
Calculate the greatest common divisor of 3440 and 731.
43
Calculate the greatest common factor of 26830 and 760.
10
Calculate the highest common factor of 89 and 94429.
89
Calculate the highest common divisor of 4815 and 243.
9
Calculate the highest common divisor of 10502 and 3186.
118
Calculate the highest common factor of 145 and 26767.
29
Calculate the highest common divisor of 16 and 7545776.
16
Calculate the highest common divisor of 910 and 4142138.
182
Calculate the greatest common factor of 23 and 221099.
23
Calculate the highest common divisor of 2583 and 9765.
63
Calculate the highest common divisor of 143 and 159302.
143
Calculate the greatest common factor of 616 and 63448.
616
Calculate the greatest common divisor of 107656 and 1440.
8
What is the highest common factor of 156 and 4458?
6
What is the greatest common divisor of 288033 and 402?
201
Calculate the highest common factor of 4272101 and 3241.
463
Calculate the greatest common factor of 30 and 974145.
15
What is the highest common divisor of 548 and 44?
4
What is the highest common factor of 428 and 342507?
107
Calculate the highest common factor of 32 and 1053120.
32
Calculate the greatest common diviso